the prime factors of 1128244593?
3, 7, 17, 61, 103, 503
What are the prime factors of 16140710?
2, 5, 23, 70177
List the prime factors of 6159624925.
5, 467, 527591
List the prime factors of 179217514.
2, 7, 251, 51001
What are the prime factors of 440757563?
71, 727, 8539
What are the prime factors of 407331509?
13, 17, 1843129
List the prime factors of 11248829.
11248829
List the prime factors of 146131281.
3, 709, 22901
List the prime factors of 349291821.
3, 116430607
List the prime factors of 3089031592.
2, 43, 397, 22619
What are the prime factors of 513197587?
7, 73313941
List the prime factors of 329010003.
3, 7, 821, 6361
What are the prime factors of 1282921634?
2, 641460817
List the prime factors of 8448958.
2, 7, 19, 23, 1381
List the prime factors of 1753583400.
2, 3, 5, 974213
List the prime factors of 1795910041.
1795910041
List the prime factors of 807512264.
2, 13, 47, 165203
List the prime factors of 1892175483.
3, 11, 43, 1333457
List the prime factors of 16618196.
2, 7, 593507
What are the prime factors of 503747554?
2, 251873777
List the prime factors of 919298067.
3, 1097, 279337
What are the prime factors of 247359042?
2, 3, 7, 67, 9767
What are the prime factors of 487595741?
137, 3559093
What are the prime factors of 459489716?
2, 7, 223, 73589
What are the prime factors of 755129655?
3, 5, 7, 109, 7331
List the prime factors of 75459318.
2, 3, 11, 61, 18743
What are the prime factors of 1399443596?
2, 12589, 27791
What are the prime factors of 8387470?
2, 5, 7, 13, 709
What are the prime factors of 63754370?
2, 5, 6375437
List the prime factors of 123579891.
3, 137, 33409
What are the prime factors of 1953686798?
2, 7, 139549057
List the prime factors of 899468310.
2, 3, 5, 13, 2306329
List the prime factors of 3516196763.
14389, 244367
List the prime factors of 36805466.
2, 29, 634577
List the prime factors of 206172271.
3847, 53593
List the prime factors of 125100376.
2, 31, 353, 1429
What are the prime factors of 488327311?
7027, 69493
What are the prime factors of 4227862981?
4227862981
List the prime factors of 127306051.
79, 1611469
What are the prime factors of 477451690?
2, 5, 83, 575243
List the prime factors of 548210465.
5, 11, 906133
What are the prime factors of 52919583?
3, 37, 476753
What are the prime factors of 2791226719?
17, 164189807
List the prime factors of 2025680505.
3, 5, 181, 746107
What are the prime factors of 640778288?
2, 40048643
What are the prime factors of 130381555?
5, 709, 36779
List the prime factors of 41244834.
2, 3, 6874139
What are the prime factors of 188335139?
59, 3192121
List the prime factors of 59699274.
2, 3, 17, 197, 2971
What are the prime factors of 499359375?
3, 5, 53, 67
What are the prime factors of 187929525?
3, 5, 7, 311, 1151
List the prime factors of 45004213.
643, 69991
List the prime factors of 508178718.
2, 3, 79, 139, 857
List the prime factors of 9258438478.
2, 4629219239
List the prime factors of 298693767.
3, 1601, 62189
What are the prime factors of 16438303?
7, 17, 107, 1291
List the prime factors of 35354116.
2, 7, 1097, 1151
List the prime factors of 8259111047.
11, 31, 59, 410513
What are the prime factors of 82595682?
2, 3, 13, 352973
List the prime factors of 93235823.
293, 318211
What are the prime factors of 3469533?
3, 19, 60869
What are the prime factors of 2593640228?
2, 127, 251, 20341
What are the prime factors of 210561453?
3, 2729, 8573
What are the prime factors of 1020480306?
2, 3, 127, 131, 10223
What are the prime factors of 1862422521?
3, 617, 1006171
What are the prime factors of 323760479?
7, 46251497
What are the prime factors of 792258578?
2, 37, 139, 77023
List the prime factors of 85903191.
3, 11, 29, 29921
What are the prime factors of 267091922?
2, 127, 1051543
What are the prime factors of 30131694?
2, 3, 1673983
What are the prime factors of 16528402?
2, 11, 751291
List the prime factors of 745711738.
2, 59, 6319591
What are the prime factors of 6367129823?
6367129823
What are the prime factors of 837086?
2, 571, 733
What are the prime factors of 224721024?
2, 3, 11, 53201
What are the prime factors of 9970811?
9970811
What are the prime factors of 2662311694?
2, 7, 61, 3117461
List the prime factors of 5145575412.
2, 3, 1171, 366181
List the prime factors of 56550563.
56550563
What are the prime factors of 253518771?
3, 11, 7682387
What are the prime factors of 14388606?
2, 3, 659, 1213
List the prime factors of 498654893.
11, 383, 118361
List the prime factors of 108648203.
5953, 18251
List the prime factors of 1437490236.
2, 3, 7, 13, 1109, 1187
What are the prime factors of 510247736?
2, 19, 3356893
List the prime factors of 2592771522.
2, 3, 11, 37, 277, 3833
What are the prime factors of 1073070269?
1787, 600487
List the prime factors of 29042270.
2, 5, 2904227
What are the prime factors of 575481440?
2, 5, 3596759
List the prime factors of 141991125.
3, 5, 71, 5333
What are the prime factors of 14730070?
2, 5, 37, 41, 971
List the prime factors of 3852430961.
71, 277, 195883
List the prime factors of 51146258.
2, 25573129
List the prime factors of 1494631749.
3, 13, 389, 98519
List the prime factors of 38067379.
7, 887, 6131
List the prime factors of 2684494608.
2, 3, 55926971
List the prime factors of 132064999.
11, 12005909
What are the prime factors of 270383300?
2, 5, 11, 17, 19, 761
What are the prime factors of 162403934?
2, 7, 11, 79, 1907
What are the prime factors of 104984526?
2, 3, 17497421
List the prime factors of 29394516.
2, 3, 29, 84467
What are the prime factors of 68917445?
5, 1721, 8009
What are the prime factors of 663387857?
11, 113, 4723
What are the prime factors of 74762474?
2, 37381237
What are the prime factors of 39926325?
3, 5, 269, 1979
What are the prime factors of 830833463?
19, 1607, 27211
List the prime factors of 546212730.
2, 3, 5, 7, 503, 5171
What are the prime factors of 1395137703?
3, 23, 20219387
What are the prime factors of 43341636?
2, 3, 13, 17, 59, 277
What are the prime factors of 210378687?
3, 70126229
What are the prime factors of 252115088?
2, 2099, 7507
What are the prime factors of 125580313?
125580313
What are the prime factors of 1306586772?
2, 3, 37, 980921
List the prime factors of 122929809.
3, 4583, 8941
What are the prime factors of 417496270?
2, 5, 659, 63353
What are the prime factors of 4075091117?
163, 2591, 9649
What are the prime factors of 66103024?
2, 13, 199, 1597
What are the prime factors of 162928937?
113, 1441849
What are the prime factors of 2341299007?
17, 23, 5987977
What are the prime factors of 195541860?
2, 3, 5, 23, 141697
What are the prime factors of 31020126?
2, 3, 1427, 3623
List the prime factors of 684903446.
2, 17, 20144219
List the prime factors of 4814704230.
2, 3, 5, 7, 3275309
List the prime factors of 193479511.
193479511
List the prime factors of 392942177.
392942177
What are the prime factors of 789645914?
2, 89, 709, 6257
What are the prime factors of 359326087?
181, 1985227
List the prime factors of 1130850146.
2, 565425073
What are the prime factors of 557749400?
2, 5, 13, 214519
List the prime factors of 1270685845.
5, 11, 13, 227, 7829
List the prime factors of 155914541.
3407, 45763
What are the prime factors of 423891768?
2, 3, 31, 569747
List the prime factors of 4366283946.
2, 3, 727713991
What are the prime factors of 763530198?
2, 3, 409, 311137
List the prime factors of 2287492348.
2, 599, 954713
What are the prime factors of 349801877?
17, 61, 71, 4751
What are the prime factors of 1532459989?
1532459989
List the prime factors of 267459343.
71, 563, 6691
List the prime factors of 429603764.
2, 457, 235013
List the prime factors of 567071235.
3, 5, 12601583
What are the prime factors of 42767012?
2, 10691753
What are the prime factors of 197486854?
2, 109, 503, 1801
What are the prime factors of 11487799?
19, 29, 20849
What are the prime factors of 2014357404?
2, 3, 17, 37, 103, 2591
What are the prime factors of 1307449445?
5, 281, 930569
List the prime factors of 121414547.
79, 1536893
List the prime factors of 69389685.
3, 5, 547, 2819
What are the prime factors of 978667670?
2, 5, 97866767
List the prime factors of 60003442.
2, 197, 152293
What are the prime factors of 603002986?
2, 37, 2621, 3109
List the